 32544 - 3?
32541
In base 2, what is -11001100 - 1001001010011?
-1001100011111
In base 9, what is -6 + 23442?
23435
In base 15, what is 5 - 500?
-4ea
In base 2, what is -1111100110000100100 + 100?
-1111100110000100000
In base 9, what is 81682 - -28?
81721
In base 8, what is 217 - -7460?
7677
In base 16, what is -81 - -21e?
19d
In base 5, what is -2313 + 4030?
1212
In base 15, what is 123 - 33e5?
-32c2
In base 8, what is 7 - 333136?
-333127
In base 10, what is -5 - -1013?
1008
In base 8, what is 4 - -67724?
67730
In base 12, what is -241658 - 1?
-241659
In base 16, what is 1 + -10df75?
-10df74
In base 13, what is 7 - 1b8?
-1b1
In base 12, what is 1791a65 + -1?
1791a64
In base 7, what is 10 + 2242001?
2242011
In base 14, what is -d + -13c5?
-13d4
In base 8, what is -1 + 15146?
15145
In base 15, what is 3 + 4add?
4ae1
In base 3, what is 22200 - -1202211?
2002111
In base 8, what is -122703 - 41?
-122744
In base 6, what is -1313 - -1320?
3
In base 12, what is 0 + -1227?
-1227
In base 9, what is 362643 + 1?
362644
In base 5, what is -1 + -442221?
-442222
In base 8, what is 51521 - -35?
51556
In base 16, what is 0 + -29a?
-29a
In base 16, what is -d5 + -11a?
-1ef
In base 2, what is 100011010011010011110 - -1?
100011010011010011111
In base 7, what is 1 + 20130?
20131
In base 14, what is 1dcba4 + 7?
1dcbab
In base 13, what is c - a7389?
-a737a
In base 14, what is -d - 6d?
-7c
In base 2, what is -11000101001 + -1010111?
-11010000000
In base 15, what is -296b6 - 8?
-296be
In base 11, what is 47051 + -1?
47050
In base 3, what is -1 + -2110120?
-2110121
In base 4, what is 2121023213 - -1?
2121023220
In base 6, what is 11405 - -200?
12005
In base 8, what is 4126 - 20?
4106
In base 16, what is -172 + 24a?
d8
In base 6, what is 1 - -232042?
232043
In base 5, what is 1101034 - -4?
1101043
In base 11, what is -1600 - -20?
-1590
In base 16, what is -14871 + 4?
-1486d
In base 10, what is -278617 - 4?
-278621
In base 2, what is -111100011001000 + -11000?
-111100011100000
In base 7, what is -162 - -350305?
350113
In base 15, what is 155d3 + 0?
155d3
In base 11, what is 52 + -8158?
-8106
In base 16, what is -f95 - 2?
-f97
In base 9, what is -853 + 4151?
3187
In base 10, what is -19 - -2275?
2256
In base 10, what is 316154 - -5?
316159
In base 10, what is 26 + -1326?
-1300
In base 12, what is -7 - -22b7?
22b0
In base 3, what is -11 - 102010022?
-102010110
In base 4, what is 212 + 10032?
10310
In base 14, what is -b388 + -49?
-b3d3
In base 10, what is 0 - 197229?
-197229
In base 13, what is 0 - -570b?
570b
In base 13, what is -549c - 5?
-54a4
In base 14, what is 4 - 6250d?
-62509
In base 12, what is -3b87 - -4?
-3b83
In base 7, what is 50110 + -10?
50100
In base 16, what is -3 - -1d64?
1d61
In base 2, what is -11101011 + 100100111111000?
100100100001101
In base 12, what is -128 + -10?
-138
In base 6, what is -10 - -101014?
101004
In base 7, what is -4 + 54530?
54523
In base 16, what is 6d6e - -e?
6d7c
In base 6, what is -5 - 14414?
-14423
In base 6, what is 102 + 113124?
113230
In base 9, what is -3 - 164021?
-164024
In base 14, what is 5 + -17a4d?
-17a48
In base 10, what is -13 - -1079?
1066
In base 4, what is 3 - 10312002?
-10311333
In base 4, what is 10133 + -12?
10121
In base 16, what is 34ebe - 3?
34ebb
In base 14, what is 9 + 2a84?
2a8d
In base 14, what is 5 + -27b?
-276
In base 16, what is 4b45b - -4?
4b45f
In base 16, what is 9 + -1c923?
-1c91a
In base 11, what is 3a1a7 - 1?
3a1a6
In base 8, what is -32 - 2016?
-2050
In base 5, what is -433240242 - -1?
-433240241
In base 11, what is 67563 + 14?
67577
In base 6, what is 1421023 + 0?
1421023
In base 5, what is -3 + 424432?
424424
In base 11, what is -135a32a + -2?
-135a331
In base 11, what is -1239 - 6?
-1244
In base 7, what is -403 + -16?
-422
In base 3, what is -222210112010 + -2?
-222210112012
In base 2, what is 100100001001000111 - -100?
100100001001001011
In base 9, what is -23 + 1457?
1434
In base 11, what is -227602 + -2?
-227604
In base 2, what is -11100011 + 11111001?
10110
In base 15, what is -23a86 - 1?
-23a87
In base 13, what is 1925 - -c?
1934
In base 5, what is -1 - -330122?
330121
In base 16, what is 0 - 41729?
-41729
In base 15, what is -50503 - -d?
-504e5
In base 2, what is -1010101 + -10110110010100?
-10110111101001
In base 8, what is 5 - 335?
-330
In base 13, what is 383c2 + 5?
383c7
In base 9, what is 4 + 17160?
17164
In base 15, what is -28ba + 3d?
-287c
In base 4, what is -21002333 + -3?
-21003002
In base 6, what is -2 - -4002?
4000
In base 13, what is -2 + 637?
635
In base 8, what is 1 - -12225?
12226
In base 14, what is c50 - 18?
c36
In base 15, what is -3a29 + -3?
-3a2c
In base 9, what is 515330 - -1?
515331
In base 6, what is -455453 + -24?
-455521
In base 8, what is -1015 - 0?
-1015
In base 16, what is -1d90 - 6?
-1d96
In base 2, what is 10011100111101 + -10011?
10011100101010
In base 5, what is 1 - 1423314?
-1423313
In base 8, what is 2150 - 4074?
-1724
In base 7, what is -50 - -1004?
624
In base 8, what is -572762 + -4?
-572766
In base 15, what is c1 + 616?
6d7
In base 11, what is -3 + 2066a?
20667
In base 12, what is 5 - -521b0?
521b5
In base 7, what is 15254 - -10?
15264
In base 8, what is -145 - 6512?
-6657
In base 5, what is -12041 - -4?
-12032
In base 8, what is 10 - -17156?
17166
In base 2, what is 11001001011 + 10001?
11001011100
In base 2, what is -1000 + -1100000110001010000?
-1100000110001011000
In base 6, what is -133434 + 5?
-133425
In base 3, what is -1100 + 1111?
11
In base 10, what is 25989 - -9?
25998
In base 2, what is 101 - -11001100101000110?
11001100101001011
In base 4, what is -3113 - -1320?
-1133
In base 5, what is 33432024 + 2?
33432031
In base 6, what is 3104203 + -11?
3104152
In base 8, what is 450010 + -2?
450006
In base 15, what is 936c + 14?
9381
In base 16, what is 27c1 + 0?
27c1
In base 14, what is -b + -318a?
-3197
In base 10, what is -99 - -117?
18
In base 14, what is 48 - 30?
18
In base 15, what is 107 + 38c?
494
In base 6, what is 10155 - -42?
10241
In base 5, what is -203020 + 3?
-203012
In base 6, what is -110134 + -110?
-110244
In base 8, what is -751 - -106?
-643
In base 8, what is 40131 + 6?
40137
In base 12, what is -6493b - 0?
-6493b
In base 10, what is 916 - -1344?
2260
In base 9, what is -551235 + -3?
-551238
In base 14, what is 3 + 30c8c?
30c91
In base 2, what is 1101101001010000 - 11?
1101101001001101
In base 14, what is 2a2 - -20?
2c2
In base 6, what is 111 - 12334?
-12223
In base 16, what is -520 + -218?
-738
In base 9, what is 26578 - -14?
26603
In base 6, what is -431 - -350524?
350053
In base 6, what is -155205 + 12?
-155153
In base 13, what is 6 - -7321?
7327
In base 7, what is -130 + -34615?
-35045
In base 8, what is -13 - -5434?
5421
In base 13, what is 130 - 8054?
-7c24
In base 6, what is -11414 - -11?
-11403
In base 12, what is 1601 - 52?
156b
In base 8, what is -1673417 - 5?
-1673424
In base 13, what is -37905 - 5?
-3790a
In base 16, what is -3d8f - -a?
-3d85
In base 7, what is 1046305 - -5?
1046313
In base 11, what is -25a16 - 4?
-25a1a
In base 10, what is -4 + 535126?
535122
In base 5, what is 30142 - 231?
24411
In base 12, what is -26255 + -14?
-26269
In base 4, what is -2 - -1213200231?
1213200223
In base 7, what is -1 + -1541?
-1542
In base 7, what is 1 - -1430?
1431
In base 6, what is -22 + 2501524?
2501502
In base 12, what is -13bb - -2a4?
-1117
In base 3, what is -100001021002 - 222?
-100001022001
In base 16, what is 90d + -4?
909
In base 10, what is 690681 + 4?
690685
In base 10, what is 4 + 17518?
17522
In base 11, what is -3 - -1a01a?
1a017
In base 16, what is -fe55 + 38?
-fe1d
In base 15, what is 21a - -10ae?
12c9
In base 11, what is -2 + 171854?
171852
In base 9, what is 28 + -253?
-224
In base 8, what is -13722044 - 3?
-13722047
In base 6, what is -230001 - 41?
-230042
In base 6, what is 3442525 + -4?
3442521
In base 14, what is 60225a + 2?
60225c
In base 8, what is -443013 + -6?
-443021
In base 7, what is 204656 - 0?
204656
In base 8, what is -13 - 12335?
-12350
In base 2, what is 10001 + -1011001101010?
-1011001011001
In base 12, what is -17ba + -1a?
-1818
In base 2, what is -1000101 - 10001011100?
-10010100001
In base 6, what is 10544215 + 1?
10544220
In base 5, what is 2014304 + 4?
2014313
In base 11, what